{"id":1252,"date":"2021-12-22T10:28:19","date_gmt":"2021-12-22T10:28:19","guid":{"rendered":"http:\/\/www.kitsono.be\/index.php\/product\/console-lumiere-lightmaxx-sdc-6\/"},"modified":"2022-01-03T14:20:26","modified_gmt":"2022-01-03T14:20:26","slug":"lightmaxx-console-lumiere-sdc-6","status":"publish","type":"product","link":"https:\/\/www.kitsono.be\/index.php\/product\/lightmaxx-console-lumiere-sdc-6\/","title":{"rendered":"LightMaxx &#8211; Console lumi\u00e8re  SDC-6"},"content":{"rendered":"<p>Contr\u00f4leur DMX 6 canaux tr\u00e8s compact et simple. Id\u00e9al pour les petits syst\u00e8mes d&rsquo;\u00e9clairage ou les spots et effets LED. L&rsquo;utilisation est tr\u00e8s simple ; il n&rsquo;est donc pas n\u00e9cessaire de lire de longues instructions, et l&rsquo;on obtient quelque chose pour s&rsquo;allumer rapidement &#8211; m\u00eame sans connexion \u00e9lectrique, puisque le contr\u00f4leur fonctionne aussi confortablement avec l&rsquo;utilisation de la batterie. De plus, un bloc d&rsquo;alimentation appropri\u00e9 est inclus !<\/p>\n","protected":false},"excerpt":{"rendered":"<p>Contr\u00f4leur DMX 6 canaux tr\u00e8s compact et simple. Id\u00e9al pour les petits syst\u00e8mes d&rsquo;\u00e9clairage ou les spots et effets LED. L&rsquo;utilisation est tr\u00e8s simple ; il n&rsquo;est donc pas n\u00e9cessaire de lire de longues instructions, et l&rsquo;on obtient quelque chose pour s&rsquo;allumer rapidement &#8211; m\u00eame sans connexion \u00e9lectrique, puisque le&#8230;<\/p>\n","protected":false},"featured_media":1633,"comment_status":"open","ping_status":"closed","template":"","meta":{"spay_email":""},"product_cat":[208],"product_tag":[],"yoast_head":"<!-- This site is optimized with the Yoast SEO plugin v17.8 - https:\/\/yoast.com\/wordpress\/plugins\/seo\/ -->\n<title>LightMaxx - Console lumi\u00e8re SDC-6 - kitsono.be<\/title>\n<meta name=\"description\" content=\"canaux tr\u00e8s compact et simple. Id\u00e9al pour les petits syst\u00e8mes d&#039;\u00e9clairage ou les spots et effets LED. L&#039;utilisation est tr\u00e8s simple ; il n&#039;est donc pas n\u00e9cessaire de lire de longues instructions, et l&#039;on obtient quelque chose pour s&#039;allumer rapidement - m\u00eame sans connexion \u00e9lectrique, puisque le contr\u00f4leur fonctionne aussi confortablement avec l&#039;utilisation de la batterie. De plus, un bloc d&#039;alimentation appropri\u00e9 est inclus ! %\" \/>\n<meta name=\"robots\" content=\"index, follow, max-snippet:-1, max-image-preview:large, max-video-preview:-1\" \/>\n<link rel=\"canonical\" href=\"https:\/\/www.kitsono.be\/index.php\/product\/lightmaxx-console-lumiere-sdc-6\/\" \/>\n<meta property=\"og:locale\" content=\"fr_FR\" \/>\n<meta property=\"og:type\" content=\"article\" \/>\n<meta property=\"og:title\" content=\"LightMaxx - Console lumi\u00e8re SDC-6 - kitsono.be\" \/>\n<meta property=\"og:description\" content=\"canaux tr\u00e8s compact et simple. Id\u00e9al pour les petits syst\u00e8mes d&#039;\u00e9clairage ou les spots et effets LED. L&#039;utilisation est tr\u00e8s simple ; il n&#039;est donc pas n\u00e9cessaire de lire de longues instructions, et l&#039;on obtient quelque chose pour s&#039;allumer rapidement - m\u00eame sans connexion \u00e9lectrique, puisque le contr\u00f4leur fonctionne aussi confortablement avec l&#039;utilisation de la batterie. De plus, un bloc d&#039;alimentation appropri\u00e9 est inclus ! %\" \/>\n<meta property=\"og:url\" content=\"https:\/\/www.kitsono.be\/index.php\/product\/lightmaxx-console-lumiere-sdc-6\/\" \/>\n<meta property=\"og:site_name\" content=\"kitsono.be\" \/>\n<meta property=\"article:modified_time\" content=\"2022-01-03T14:20:26+00:00\" \/>\n<meta name=\"twitter:card\" content=\"summary_large_image\" \/>\n<meta name=\"twitter:image\" content=\"https:\/\/www.kitsono.be\/wp-content\/uploads\/2021\/12\/lightmaxx-sdc-6-dmx-6-channel-dmx-controller_1_LIG0007906-000.jpg.webp\" \/>\n<meta name=\"twitter:label1\" content=\"Dur\u00e9e de lecture estim\u00e9e\" \/>\n\t<meta name=\"twitter:data1\" content=\"1 minute\" \/>\n<script type=\"application\/ld+json\" class=\"yoast-schema-graph\">{\"@context\":\"https:\/\/schema.org\",\"@graph\":[{\"@type\":\"Organization\",\"@id\":\"https:\/\/www.kitsono.be\/#organization\",\"name\":\"Kitsono\",\"url\":\"https:\/\/www.kitsono.be\/\",\"sameAs\":[],\"logo\":{\"@type\":\"ImageObject\",\"@id\":\"https:\/\/www.kitsono.be\/#logo\",\"inLanguage\":\"fr-FR\",\"url\":\"http:\/\/www.kitsono.be\/wp-content\/uploads\/2021\/03\/1080-Bleu.png\",\"contentUrl\":\"http:\/\/www.kitsono.be\/wp-content\/uploads\/2021\/03\/1080-Bleu.png\",\"width\":1080,\"height\":1080,\"caption\":\"Kitsono\"},\"image\":{\"@id\":\"https:\/\/www.kitsono.be\/#logo\"}},{\"@type\":\"WebSite\",\"@id\":\"https:\/\/www.kitsono.be\/#website\",\"url\":\"https:\/\/www.kitsono.be\/\",\"name\":\"kitsono.be\",\"description\":\"Location mat\\u00e9riel audiovisuel\",\"publisher\":{\"@id\":\"https:\/\/www.kitsono.be\/#organization\"},\"potentialAction\":[{\"@type\":\"SearchAction\",\"target\":{\"@type\":\"EntryPoint\",\"urlTemplate\":\"https:\/\/www.kitsono.be\/?s={search_term_string}\"},\"query-input\":\"required name=search_term_string\"}],\"inLanguage\":\"fr-FR\"},{\"@type\":\"ImageObject\",\"@id\":\"https:\/\/www.kitsono.be\/index.php\/product\/lightmaxx-console-lumiere-sdc-6\/#primaryimage\",\"inLanguage\":\"fr-FR\",\"url\":\"https:\/\/www.kitsono.be\/wp-content\/uploads\/2021\/12\/lightmaxx-sdc-6-dmx-6-channel-dmx-controller_1_LIG0007906-000.jpg.webp\",\"contentUrl\":\"https:\/\/www.kitsono.be\/wp-content\/uploads\/2021\/12\/lightmaxx-sdc-6-dmx-6-channel-dmx-controller_1_LIG0007906-000.jpg.webp\",\"width\":1280,\"height\":1280},{\"@type\":\"WebPage\",\"@id\":\"https:\/\/www.kitsono.be\/index.php\/product\/lightmaxx-console-lumiere-sdc-6\/#webpage\",\"url\":\"https:\/\/www.kitsono.be\/index.php\/product\/lightmaxx-console-lumiere-sdc-6\/\",\"name\":\"LightMaxx - Console lumi\\u00e8re SDC-6 - kitsono.be\",\"isPartOf\":{\"@id\":\"https:\/\/www.kitsono.be\/#website\"},\"primaryImageOfPage\":{\"@id\":\"https:\/\/www.kitsono.be\/index.php\/product\/lightmaxx-console-lumiere-sdc-6\/#primaryimage\"},\"datePublished\":\"2021-12-22T10:28:19+00:00\",\"dateModified\":\"2022-01-03T14:20:26+00:00\",\"description\":\"canaux tr\\u00e8s compact et simple. Id\\u00e9al pour les petits syst\\u00e8mes d'\\u00e9clairage ou les spots et effets LED. L'utilisation est tr\\u00e8s simple ; il n'est donc pas n\\u00e9cessaire de lire de longues instructions, et l'on obtient quelque chose pour s'allumer rapidement - m\\u00eame sans connexion \\u00e9lectrique, puisque le contr\\u00f4leur fonctionne aussi confortablement avec l'utilisation de la batterie. De plus, un bloc d'alimentation appropri\\u00e9 est inclus ! %\",\"breadcrumb\":{\"@id\":\"https:\/\/www.kitsono.be\/index.php\/product\/lightmaxx-console-lumiere-sdc-6\/#breadcrumb\"},\"inLanguage\":\"fr-FR\",\"potentialAction\":[{\"@type\":\"ReadAction\",\"target\":[\"https:\/\/www.kitsono.be\/index.php\/product\/lightmaxx-console-lumiere-sdc-6\/\"]}]},{\"@type\":\"BreadcrumbList\",\"@id\":\"https:\/\/www.kitsono.be\/index.php\/product\/lightmaxx-console-lumiere-sdc-6\/#breadcrumb\",\"itemListElement\":[{\"@type\":\"ListItem\",\"position\":1,\"name\":\"Home\",\"item\":\"https:\/\/www.kitsono.be\/\"},{\"@type\":\"ListItem\",\"position\":2,\"name\":\"Shop\",\"item\":\"https:\/\/www.kitsono.be\/index.php\/shop\/\"},{\"@type\":\"ListItem\",\"position\":3,\"name\":\"LightMaxx &#8211; Console lumi\\u00e8re SDC-6\"}]}]}<\/script>\n<!-- \/ Yoast SEO plugin. -->","yoast_head_json":{"title":"LightMaxx - Console lumi\u00e8re SDC-6 - kitsono.be","description":"canaux tr\u00e8s compact et simple. Id\u00e9al pour les petits syst\u00e8mes d'\u00e9clairage ou les spots et effets LED. L'utilisation est tr\u00e8s simple ; il n'est donc pas n\u00e9cessaire de lire de longues instructions, et l'on obtient quelque chose pour s'allumer rapidement - m\u00eame sans connexion \u00e9lectrique, puisque le contr\u00f4leur fonctionne aussi confortablement avec l'utilisation de la batterie. De plus, un bloc d'alimentation appropri\u00e9 est inclus ! %","robots":{"index":"index","follow":"follow","max-snippet":"max-snippet:-1","max-image-preview":"max-image-preview:large","max-video-preview":"max-video-preview:-1"},"canonical":"https:\/\/www.kitsono.be\/index.php\/product\/lightmaxx-console-lumiere-sdc-6\/","og_locale":"fr_FR","og_type":"article","og_title":"LightMaxx - Console lumi\u00e8re SDC-6 - kitsono.be","og_description":"canaux tr\u00e8s compact et simple. Id\u00e9al pour les petits syst\u00e8mes d'\u00e9clairage ou les spots et effets LED. L'utilisation est tr\u00e8s simple ; il n'est donc pas n\u00e9cessaire de lire de longues instructions, et l'on obtient quelque chose pour s'allumer rapidement - m\u00eame sans connexion \u00e9lectrique, puisque le contr\u00f4leur fonctionne aussi confortablement avec l'utilisation de la batterie. De plus, un bloc d'alimentation appropri\u00e9 est inclus ! %","og_url":"https:\/\/www.kitsono.be\/index.php\/product\/lightmaxx-console-lumiere-sdc-6\/","og_site_name":"kitsono.be","article_modified_time":"2022-01-03T14:20:26+00:00","twitter_card":"summary_large_image","twitter_image":"https:\/\/www.kitsono.be\/wp-content\/uploads\/2021\/12\/lightmaxx-sdc-6-dmx-6-channel-dmx-controller_1_LIG0007906-000.jpg.webp","twitter_misc":{"Dur\u00e9e de lecture estim\u00e9e":"1 minute"},"schema":{"@context":"https:\/\/schema.org","@graph":[{"@type":"Organization","@id":"https:\/\/www.kitsono.be\/#organization","name":"Kitsono","url":"https:\/\/www.kitsono.be\/","sameAs":[],"logo":{"@type":"ImageObject","@id":"https:\/\/www.kitsono.be\/#logo","inLanguage":"fr-FR","url":"http:\/\/www.kitsono.be\/wp-content\/uploads\/2021\/03\/1080-Bleu.png","contentUrl":"http:\/\/www.kitsono.be\/wp-content\/uploads\/2021\/03\/1080-Bleu.png","width":1080,"height":1080,"caption":"Kitsono"},"image":{"@id":"https:\/\/www.kitsono.be\/#logo"}},{"@type":"WebSite","@id":"https:\/\/www.kitsono.be\/#website","url":"https:\/\/www.kitsono.be\/","name":"kitsono.be","description":"Location mat\u00e9riel audiovisuel","publisher":{"@id":"https:\/\/www.kitsono.be\/#organization"},"potentialAction":[{"@type":"SearchAction","target":{"@type":"EntryPoint","urlTemplate":"https:\/\/www.kitsono.be\/?s={search_term_string}"},"query-input":"required name=search_term_string"}],"inLanguage":"fr-FR"},{"@type":"ImageObject","@id":"https:\/\/www.kitsono.be\/index.php\/product\/lightmaxx-console-lumiere-sdc-6\/#primaryimage","inLanguage":"fr-FR","url":"https:\/\/www.kitsono.be\/wp-content\/uploads\/2021\/12\/lightmaxx-sdc-6-dmx-6-channel-dmx-controller_1_LIG0007906-000.jpg.webp","contentUrl":"https:\/\/www.kitsono.be\/wp-content\/uploads\/2021\/12\/lightmaxx-sdc-6-dmx-6-channel-dmx-controller_1_LIG0007906-000.jpg.webp","width":1280,"height":1280},{"@type":"WebPage","@id":"https:\/\/www.kitsono.be\/index.php\/product\/lightmaxx-console-lumiere-sdc-6\/#webpage","url":"https:\/\/www.kitsono.be\/index.php\/product\/lightmaxx-console-lumiere-sdc-6\/","name":"LightMaxx - Console lumi\u00e8re SDC-6 - kitsono.be","isPartOf":{"@id":"https:\/\/www.kitsono.be\/#website"},"primaryImageOfPage":{"@id":"https:\/\/www.kitsono.be\/index.php\/product\/lightmaxx-console-lumiere-sdc-6\/#primaryimage"},"datePublished":"2021-12-22T10:28:19+00:00","dateModified":"2022-01-03T14:20:26+00:00","description":"canaux tr\u00e8s compact et simple. Id\u00e9al pour les petits syst\u00e8mes d'\u00e9clairage ou les spots et effets LED. L'utilisation est tr\u00e8s simple ; il n'est donc pas n\u00e9cessaire de lire de longues instructions, et l'on obtient quelque chose pour s'allumer rapidement - m\u00eame sans connexion \u00e9lectrique, puisque le contr\u00f4leur fonctionne aussi confortablement avec l'utilisation de la batterie. De plus, un bloc d'alimentation appropri\u00e9 est inclus ! %","breadcrumb":{"@id":"https:\/\/www.kitsono.be\/index.php\/product\/lightmaxx-console-lumiere-sdc-6\/#breadcrumb"},"inLanguage":"fr-FR","potentialAction":[{"@type":"ReadAction","target":["https:\/\/www.kitsono.be\/index.php\/product\/lightmaxx-console-lumiere-sdc-6\/"]}]},{"@type":"BreadcrumbList","@id":"https:\/\/www.kitsono.be\/index.php\/product\/lightmaxx-console-lumiere-sdc-6\/#breadcrumb","itemListElement":[{"@type":"ListItem","position":1,"name":"Home","item":"https:\/\/www.kitsono.be\/"},{"@type":"ListItem","position":2,"name":"Shop","item":"https:\/\/www.kitsono.be\/index.php\/shop\/"},{"@type":"ListItem","position":3,"name":"LightMaxx &#8211; Console lumi\u00e8re SDC-6"}]}]}},"_links":{"self":[{"href":"https:\/\/www.kitsono.be\/index.php\/wp-json\/wp\/v2\/product\/1252"}],"collection":[{"href":"https:\/\/www.kitsono.be\/index.php\/wp-json\/wp\/v2\/product"}],"about":[{"href":"https:\/\/www.kitsono.be\/index.php\/wp-json\/wp\/v2\/types\/product"}],"replies":[{"embeddable":true,"href":"https:\/\/www.kitsono.be\/index.php\/wp-json\/wp\/v2\/comments?post=1252"}],"wp:featuredmedia":[{"embeddable":true,"href":"https:\/\/www.kitsono.be\/index.php\/wp-json\/wp\/v2\/media\/1633"}],"wp:attachment":[{"href":"https:\/\/www.kitsono.be\/index.php\/wp-json\/wp\/v2\/media?parent=1252"}],"wp:term":[{"taxonomy":"product_cat","embeddable":true,"href":"https:\/\/www.kitsono.be\/index.php\/wp-json\/wp\/v2\/product_cat?post=1252"},{"taxonomy":"product_tag","embeddable":true,"href":"https:\/\/www.kitsono.be\/index.php\/wp-json\/wp\/v2\/product_tag?post=1252"}],"curies":[{"name":"wp","href":"https:\/\/api.w.org\/{rel}","templated":true}]}}